{"id":1456,"date":"2022-07-12T08:30:30","date_gmt":"2022-07-12T08:30:30","guid":{"rendered":"https:\/\/libra.upk-baustelle.de\/?page_id=1456"},"modified":"2022-08-24T06:34:34","modified_gmt":"2022-08-24T06:34:34","slug":"kooperationspartner","status":"publish","type":"page","link":"https:\/\/steuerberatung-libra.de\/index.php\/kooperationspartner\/","title":{"rendered":"Kooperationspartner"},"content":{"rendered":"\t\t<div data-elementor-type=\"wp-page\" data-elementor-id=\"1456\" class=\"elementor elementor-1456\" data-elementor-post-type=\"page\">\n\t\t\t\t\t\t<section class=\"elementor-section elementor-top-section elementor-element elementor-element-090cb25 elementor-section-content-middle elementor-section-boxed elementor-section-height-default elementor-section-height-default\" data-id=\"090cb25\" data-element_type=\"section\" data-settings=\"{&quot;background_background&quot;:&quot;classic&quot;}\">\n\t\t\t\t\t\t<div class=\"elementor-container elementor-column-gap-default\">\n\t\t\t\t\t<div class=\"elementor-column elementor-col-50 elementor-top-column elementor-element elementor-element-58c3370 elementor-invisible\" data-id=\"58c3370\" data-element_type=\"column\" data-settings=\"{&quot;animation&quot;:&quot;fadeInLeft&quot;,&quot;animation_delay&quot;:900}\">\n\t\t\t<div class=\"elementor-widget-wrap elementor-element-populated\">\n\t\t\t\t\t\t<section class=\"elementor-section elementor-inner-section elementor-element elementor-element-9a507d6 elementor-section-full_width elementor-section-height-default elementor-section-height-default\" data-id=\"9a507d6\" data-element_type=\"section\" data-settings=\"{&quot;animation&quot;:&quot;none&quot;,&quot;animation_delay&quot;:150}\">\n\t\t\t\t\t\t<div class=\"elementor-container elementor-column-gap-no\">\n\t\t\t\t\t<div class=\"elementor-column elementor-col-100 elementor-inner-column elementor-element elementor-element-bc4a66a\" data-id=\"bc4a66a\" data-element_type=\"column\">\n\t\t\t<div class=\"elementor-widget-wrap elementor-element-populated\">\n\t\t\t\t\t\t<div class=\"elementor-element elementor-element-f7ba83c elementor-widget__width-auto elementor-widget-divider--view-line elementor-widget elementor-widget-divider\" data-id=\"f7ba83c\" data-element_type=\"widget\" data-widget_type=\"divider.default\">\n\t\t\t\t<div class=\"elementor-widget-container\">\n\t\t\t\t\t<div class=\"elementor-divider\">\n\t\t\t<span class=\"elementor-divider-separator\">\n\t\t\t\t\t\t<\/span>\n\t\t<\/div>\n\t\t\t\t<\/div>\n\t\t\t\t<\/div>\n\t\t\t\t<div class=\"elementor-element elementor-element-0c15a07 elementor-widget elementor-widget-heading\" data-id=\"0c15a07\" data-element_type=\"widget\" data-widget_type=\"heading.default\">\n\t\t\t\t<div class=\"elementor-widget-container\">\n\t\t\t<h1 class=\"elementor-heading-title elementor-size-default\">Unsere Kooperationen und Partner<\/h1>\t\t<\/div>\n\t\t\t\t<\/div>\n\t\t\t\t<div class=\"elementor-element elementor-element-3ba5f01 elementor-widget elementor-widget-text-editor\" data-id=\"3ba5f01\" data-element_type=\"widget\" data-widget_type=\"text-editor.default\">\n\t\t\t\t<div class=\"elementor-widget-container\">\n\t\t\t\t\t\t\t<p>Um Aufgabenstellungen und Fachgebiete, die nicht unmittelbar durch uns abgedeckt werden, k\u00fcmmern wir uns im Rahmen von Kooperationen zusammen mit weiteren regionalen Dienstleistern. Wir kennen aufgrund langj\u00e4hriger Erfahrung den f\u00fcr den Einzelfall am besten geeigneten Partner. Eine Probleml\u00f6sung ist in jedem Fall garantiert.<\/p>\t\t\t\t\t\t<\/div>\n\t\t\t\t<\/div>\n\t\t\t\t\t<\/div>\n\t\t<\/div>\n\t\t\t\t\t<\/div>\n\t\t<\/section>\n\t\t\t\t\t<\/div>\n\t\t<\/div>\n\t\t\t\t<div class=\"elementor-column elementor-col-50 elementor-top-column elementor-element elementor-element-dce676a elementor-invisible\" data-id=\"dce676a\" data-element_type=\"column\" data-settings=\"{&quot;animation&quot;:&quot;fadeInRight&quot;,&quot;animation_delay&quot;:900}\">\n\t\t\t<div class=\"elementor-widget-wrap\">\n\t\t\t\t\t\t\t<\/div>\n\t\t<\/div>\n\t\t\t\t\t<\/div>\n\t\t<\/section>\n\t\t\t\t<section class=\"elementor-section elementor-top-section elementor-element elementor-element-6f2aa2b elementor-section-content-middle elementor-section-height-min-height elementor-section-boxed elementor-section-height-default elementor-section-items-middle\" data-id=\"6f2aa2b\" data-element_type=\"section\" data-settings=\"{&quot;background_background&quot;:&quot;classic&quot;}\">\n\t\t\t\t\t\t<div class=\"elementor-container elementor-column-gap-default\">\n\t\t\t\t\t<div class=\"elementor-column elementor-col-100 elementor-top-column elementor-element elementor-element-9c53dd3\" data-id=\"9c53dd3\" data-element_type=\"column\">\n\t\t\t<div class=\"elementor-widget-wrap elementor-element-populated\">\n\t\t\t\t\t\t<div class=\"elementor-element elementor-element-7fff145 elementor-widget elementor-widget-heading\" data-id=\"7fff145\" data-element_type=\"widget\" data-widget_type=\"heading.default\">\n\t\t\t\t<div class=\"elementor-widget-container\">\n\t\t\t<h2 class=\"elementor-heading-title elementor-size-default\">M\u00e4rkische Revision<\/h2>\t\t<\/div>\n\t\t\t\t<\/div>\n\t\t\t\t<div class=\"elementor-element elementor-element-8fbe9c1 elementor-widget elementor-widget-text-editor\" data-id=\"8fbe9c1\" data-element_type=\"widget\" data-widget_type=\"text-editor.default\">\n\t\t\t\t<div class=\"elementor-widget-container\">\n\t\t\t\t\t\t\t<p>Die M\u00e4rkische Revision GmbH ist eine unabh\u00e4ngige, partnerschaftlich gef\u00fchrte Wirtschaftspr\u00fcfungs- und Steuerberatungsgesellschaft mit Hauptsitz in Essen und Zweigniederlassungen in Bochum und M\u00fcnster.<\/p><p>Die M\u00e4rkische Revision steht fu\u0308r schlanke Strukturen, kontinuierliches Engagement, absolute Verl\u00e4sslichkeit und professionelle Qualit\u00e4t. Zusammen mit der LIBRA ist es der Anspruch der M\u00e4rkischen Revision, f\u00fcr unsere Mandanten die Integration der betriebswirtschaftlichen, steuerlichen und rechtlichen Beratung zu ganzheitlichen und optimalen L\u00f6sungen zu gew\u00e4hrleisten.<\/p><p>Die Zweigniederlassung M\u00fcnster wird von Herrn Wirtschaftspr\u00fcfer Steuerberater Martin Mrozowski und Herrn Wirtschaftspr\u00fcfer Steuerberater Dr. Felix Schleithoff geleitet.<\/p>\t\t\t\t\t\t<\/div>\n\t\t\t\t<\/div>\n\t\t\t\t<div class=\"elementor-element elementor-element-06489c7 e-transform elementor-widget elementor-widget-image\" data-id=\"06489c7\" data-element_type=\"widget\" data-settings=\"{&quot;_transform_scale_effect_hover&quot;:{&quot;unit&quot;:&quot;px&quot;,&quot;size&quot;:1.1,&quot;sizes&quot;:[]},&quot;_transform_scale_effect_hover_tablet&quot;:{&quot;unit&quot;:&quot;px&quot;,&quot;size&quot;:&quot;&quot;,&quot;sizes&quot;:[]},&quot;_transform_scale_effect_hover_mobile&quot;:{&quot;unit&quot;:&quot;px&quot;,&quot;size&quot;:&quot;&quot;,&quot;sizes&quot;:[]}}\" data-widget_type=\"image.default\">\n\t\t\t\t<div class=\"elementor-widget-container\">\n\t\t\t\t\t\t\t\t\t\t\t\t\t\t<a href=\"https:\/\/www.maerkische-essen.de\" target=\"_blank\">\n\t\t\t\t\t\t\t<img decoding=\"async\" width=\"285\" height=\"119\" src=\"https:\/\/steuerberatung-libra.de\/wp-content\/uploads\/2022\/07\/maerkische-revision.jpeg\" class=\"attachment-large size-large wp-image-1511\" alt=\"\" \/>\t\t\t\t\t\t\t\t<\/a>\n\t\t\t\t\t\t\t\t\t\t\t\t\t<\/div>\n\t\t\t\t<\/div>\n\t\t\t\t\t<\/div>\n\t\t<\/div>\n\t\t\t\t\t<\/div>\n\t\t<\/section>\n\t\t\t\t<section class=\"elementor-section elementor-top-section elementor-element elementor-element-eee3da6 elementor-section-content-middle elementor-section-boxed elementor-section-height-default elementor-section-height-default\" data-id=\"eee3da6\" data-element_type=\"section\" data-settings=\"{&quot;background_background&quot;:&quot;classic&quot;}\">\n\t\t\t\t\t\t<div class=\"elementor-container elementor-column-gap-default\">\n\t\t\t\t\t<div class=\"elementor-column elementor-col-50 elementor-top-column elementor-element elementor-element-a51a388 elementor-invisible\" data-id=\"a51a388\" data-element_type=\"column\" data-settings=\"{&quot;animation&quot;:&quot;fadeInLeft&quot;,&quot;animation_delay&quot;:900}\">\n\t\t\t<div class=\"elementor-widget-wrap elementor-element-populated\">\n\t\t\t\t\t\t<section class=\"elementor-section elementor-inner-section elementor-element elementor-element-f9e812c elementor-section-full_width elementor-section-height-default elementor-section-height-default\" data-id=\"f9e812c\" data-element_type=\"section\" data-settings=\"{&quot;animation&quot;:&quot;none&quot;,&quot;animation_delay&quot;:150}\">\n\t\t\t\t\t\t<div class=\"elementor-container elementor-column-gap-no\">\n\t\t\t\t\t<div class=\"elementor-column elementor-col-100 elementor-inner-column elementor-element elementor-element-9afc6da\" data-id=\"9afc6da\" data-element_type=\"column\">\n\t\t\t<div class=\"elementor-widget-wrap elementor-element-populated\">\n\t\t\t\t\t\t<div class=\"elementor-element elementor-element-3b46548 elementor-widget__width-auto elementor-widget-divider--view-line elementor-widget elementor-widget-divider\" data-id=\"3b46548\" data-element_type=\"widget\" data-widget_type=\"divider.default\">\n\t\t\t\t<div class=\"elementor-widget-container\">\n\t\t\t\t\t<div class=\"elementor-divider\">\n\t\t\t<span class=\"elementor-divider-separator\">\n\t\t\t\t\t\t<\/span>\n\t\t<\/div>\n\t\t\t\t<\/div>\n\t\t\t\t<\/div>\n\t\t\t\t<div class=\"elementor-element elementor-element-50860bb elementor-widget elementor-widget-heading\" data-id=\"50860bb\" data-element_type=\"widget\" data-widget_type=\"heading.default\">\n\t\t\t\t<div class=\"elementor-widget-container\">\n\t\t\t<h1 class=\"elementor-heading-title elementor-size-default\">Weitere Partner<\/h1>\t\t<\/div>\n\t\t\t\t<\/div>\n\t\t\t\t\t<\/div>\n\t\t<\/div>\n\t\t\t\t\t<\/div>\n\t\t<\/section>\n\t\t\t\t\t<\/div>\n\t\t<\/div>\n\t\t\t\t<div class=\"elementor-column elementor-col-50 elementor-top-column elementor-element elementor-element-2966d90 elementor-invisible\" data-id=\"2966d90\" data-element_type=\"column\" data-settings=\"{&quot;animation&quot;:&quot;fadeInRight&quot;,&quot;animation_delay&quot;:900}\">\n\t\t\t<div class=\"elementor-widget-wrap\">\n\t\t\t\t\t\t\t<\/div>\n\t\t<\/div>\n\t\t\t\t\t<\/div>\n\t\t<\/section>\n\t\t\t\t<section class=\"elementor-section elementor-top-section elementor-element elementor-element-06b17cb elementor-section-boxed elementor-section-height-default elementor-section-height-default\" data-id=\"06b17cb\" data-element_type=\"section\">\n\t\t\t\t\t\t<div class=\"elementor-container elementor-column-gap-default\">\n\t\t\t\t\t<div class=\"make-column-clickable-elementor elementor-column elementor-col-33 elementor-top-column elementor-element elementor-element-c4420ca elementor-invisible\" style=\"cursor: pointer;\" data-column-clickable=\"\/practice-areas\/banking-law\/\" data-column-clickable-blank=\"_self\" data-id=\"c4420ca\" data-element_type=\"column\" data-settings=\"{&quot;animation&quot;:&quot;fadeInUp&quot;}\">\n\t\t\t<div class=\"elementor-widget-wrap elementor-element-populated\">\n\t\t\t\t\t\t<div class=\"elementor-element elementor-element-5ca1128 elementor-widget elementor-widget-image\" data-id=\"5ca1128\" data-element_type=\"widget\" data-widget_type=\"image.default\">\n\t\t\t\t<div class=\"elementor-widget-container\">\n\t\t\t\t\t\t\t\t\t\t\t\t\t\t<a href=\"https:\/\/www.meditaxa.de\" target=\"_blank\">\n\t\t\t\t\t\t\t<img decoding=\"async\" width=\"285\" height=\"150\" src=\"https:\/\/steuerberatung-libra.de\/wp-content\/uploads\/2022\/07\/meditaxa-1.jpeg\" class=\"attachment-full size-full wp-image-1524\" alt=\"\" \/>\t\t\t\t\t\t\t\t<\/a>\n\t\t\t\t\t\t\t\t\t\t\t\t\t<\/div>\n\t\t\t\t<\/div>\n\t\t\t\t\t<\/div>\n\t\t<\/div>\n\t\t\t\t<div class=\"make-column-clickable-elementor elementor-column elementor-col-33 elementor-top-column elementor-element elementor-element-a729f60 elementor-invisible\" style=\"cursor: pointer;\" data-column-clickable=\"\/practice-areas\/health-law\/\" data-column-clickable-blank=\"_self\" data-id=\"a729f60\" data-element_type=\"column\" data-settings=\"{&quot;animation&quot;:&quot;fadeInUp&quot;}\">\n\t\t\t<div class=\"elementor-widget-wrap elementor-element-populated\">\n\t\t\t\t\t\t<div class=\"elementor-element elementor-element-d273f70 elementor-widget elementor-widget-image\" data-id=\"d273f70\" data-element_type=\"widget\" data-widget_type=\"image.default\">\n\t\t\t\t<div class=\"elementor-widget-container\">\n\t\t\t\t\t\t\t\t\t\t\t\t\t\t<a href=\"http:\/\/www.ra-wigge.de\" target=\"_blank\">\n\t\t\t\t\t\t\t<img decoding=\"async\" width=\"285\" height=\"151\" src=\"https:\/\/steuerberatung-libra.de\/wp-content\/uploads\/2022\/07\/wigge-rechtsanwaelte-1.jpeg\" class=\"attachment-full size-full wp-image-1525\" alt=\"\" \/>\t\t\t\t\t\t\t\t<\/a>\n\t\t\t\t\t\t\t\t\t\t\t\t\t<\/div>\n\t\t\t\t<\/div>\n\t\t\t\t\t<\/div>\n\t\t<\/div>\n\t\t\t\t<div class=\"make-column-clickable-elementor elementor-column elementor-col-33 elementor-top-column elementor-element elementor-element-5826c28 elementor-invisible\" style=\"cursor: pointer;\" data-column-clickable=\"\/practice-areas\/criminal-law\/\" data-column-clickable-blank=\"_self\" data-id=\"5826c28\" data-element_type=\"column\" data-settings=\"{&quot;animation&quot;:&quot;fadeInUp&quot;}\">\n\t\t\t<div class=\"elementor-widget-wrap elementor-element-populated\">\n\t\t\t\t\t\t<div class=\"elementor-element elementor-element-b3ec4b1 elementor-widget elementor-widget-image\" data-id=\"b3ec4b1\" data-element_type=\"widget\" data-widget_type=\"image.default\">\n\t\t\t\t<div class=\"elementor-widget-container\">\n\t\t\t\t\t\t\t\t\t\t\t\t\t\t<a href=\"http:\/\/www.wirtschaftsberatung-aerzte.de\" target=\"_blank\">\n\t\t\t\t\t\t\t<img loading=\"lazy\" decoding=\"async\" width=\"285\" height=\"151\" src=\"https:\/\/steuerberatung-libra.de\/wp-content\/uploads\/2022\/07\/aerzte-1.jpeg\" class=\"attachment-full size-full wp-image-1523\" alt=\"\" \/>\t\t\t\t\t\t\t\t<\/a>\n\t\t\t\t\t\t\t\t\t\t\t\t\t<\/div>\n\t\t\t\t<\/div>\n\t\t\t\t\t<\/div>\n\t\t<\/div>\n\t\t\t\t\t<\/div>\n\t\t<\/section>\n\t\t\t\t<\/div>\n\t\t","protected":false},"excerpt":{"rendered":"<p>Unsere Kooperationen und Partner Um Aufgabenstellungen und Fachgebiete, die nicht unmittelbar durch uns abgedeckt werden, k\u00fcmmern wir uns im Rahmen von Kooperationen zusammen mit weiteren regionalen Dienstleistern. Wir kennen aufgrund langj\u00e4hriger Erfahrung den f\u00fcr den Einzelfall am besten geeigneten Partner. Eine Probleml\u00f6sung ist in jedem Fall garantiert. M\u00e4rkische Revision Die M\u00e4rkische Revision GmbH ist eine [&hellip;]<\/p>\n","protected":false},"author":1,"featured_media":0,"parent":0,"menu_order":0,"comment_status":"closed","ping_status":"closed","template":"","meta":{"footnotes":""},"class_list":["post-1456","page","type-page","status-publish","hentry"],"yoast_head":"<!-- This site is optimized with the Yoast SEO plugin v23.4 - https:\/\/yoast.com\/wordpress\/plugins\/seo\/ -->\n<title>Kooperationspartner - Libra Steuerberatung<\/title>\n<meta name=\"robots\" content=\"index, follow, max-snippet:-1, max-image-preview:large, max-video-preview:-1\" \/>\n<link rel=\"canonical\" href=\"https:\/\/steuerberatung-libra.de\/index.php\/kooperationspartner\/\" \/>\n<meta property=\"og:locale\" content=\"de_DE\" \/>\n<meta property=\"og:type\" content=\"article\" \/>\n<meta property=\"og:title\" content=\"Kooperationspartner - Libra Steuerberatung\" \/>\n<meta property=\"og:description\" content=\"Unsere Kooperationen und Partner Um Aufgabenstellungen und Fachgebiete, die nicht unmittelbar durch uns abgedeckt werden, k\u00fcmmern wir uns im Rahmen von Kooperationen zusammen mit weiteren regionalen Dienstleistern. Wir kennen aufgrund langj\u00e4hriger Erfahrung den f\u00fcr den Einzelfall am besten geeigneten Partner. Eine Probleml\u00f6sung ist in jedem Fall garantiert. M\u00e4rkische Revision Die M\u00e4rkische Revision GmbH ist eine [&hellip;]\" \/>\n<meta property=\"og:url\" content=\"https:\/\/steuerberatung-libra.de\/index.php\/kooperationspartner\/\" \/>\n<meta property=\"og:site_name\" content=\"Libra Steuerberatung\" \/>\n<meta property=\"article:modified_time\" content=\"2022-08-24T06:34:34+00:00\" \/>\n<meta property=\"og:image\" content=\"https:\/\/libra.upk-baustelle.de\/wp-content\/uploads\/2022\/07\/maerkische-revision.jpeg\" \/>\n<meta name=\"twitter:card\" content=\"summary_large_image\" \/>\n<meta name=\"twitter:label1\" content=\"Gesch\u00e4tzte Lesezeit\" \/>\n\t<meta name=\"twitter:data1\" content=\"2\u00a0Minuten\" \/>\n<script type=\"application\/ld+json\" class=\"yoast-schema-graph\">{\"@context\":\"https:\/\/schema.org\",\"@graph\":[{\"@type\":\"WebPage\",\"@id\":\"https:\/\/steuerberatung-libra.de\/index.php\/kooperationspartner\/\",\"url\":\"https:\/\/steuerberatung-libra.de\/index.php\/kooperationspartner\/\",\"name\":\"Kooperationspartner - Libra Steuerberatung\",\"isPartOf\":{\"@id\":\"https:\/\/steuerberatung-libra.de\/#website\"},\"primaryImageOfPage\":{\"@id\":\"https:\/\/steuerberatung-libra.de\/index.php\/kooperationspartner\/#primaryimage\"},\"image\":{\"@id\":\"https:\/\/steuerberatung-libra.de\/index.php\/kooperationspartner\/#primaryimage\"},\"thumbnailUrl\":\"https:\/\/libra.upk-baustelle.de\/wp-content\/uploads\/2022\/07\/maerkische-revision.jpeg\",\"datePublished\":\"2022-07-12T08:30:30+00:00\",\"dateModified\":\"2022-08-24T06:34:34+00:00\",\"breadcrumb\":{\"@id\":\"https:\/\/steuerberatung-libra.de\/index.php\/kooperationspartner\/#breadcrumb\"},\"inLanguage\":\"de\",\"potentialAction\":[{\"@type\":\"ReadAction\",\"target\":[\"https:\/\/steuerberatung-libra.de\/index.php\/kooperationspartner\/\"]}]},{\"@type\":\"ImageObject\",\"inLanguage\":\"de\",\"@id\":\"https:\/\/steuerberatung-libra.de\/index.php\/kooperationspartner\/#primaryimage\",\"url\":\"https:\/\/libra.upk-baustelle.de\/wp-content\/uploads\/2022\/07\/maerkische-revision.jpeg\",\"contentUrl\":\"https:\/\/libra.upk-baustelle.de\/wp-content\/uploads\/2022\/07\/maerkische-revision.jpeg\"},{\"@type\":\"BreadcrumbList\",\"@id\":\"https:\/\/steuerberatung-libra.de\/index.php\/kooperationspartner\/#breadcrumb\",\"itemListElement\":[{\"@type\":\"ListItem\",\"position\":1,\"name\":\"Startseite\",\"item\":\"https:\/\/steuerberatung-libra.de\/\"},{\"@type\":\"ListItem\",\"position\":2,\"name\":\"Kooperationspartner\"}]},{\"@type\":\"WebSite\",\"@id\":\"https:\/\/steuerberatung-libra.de\/#website\",\"url\":\"https:\/\/steuerberatung-libra.de\/\",\"name\":\"Libra Steuerberatung\",\"description\":\"Just another WordPress site\",\"potentialAction\":[{\"@type\":\"SearchAction\",\"target\":{\"@type\":\"EntryPoint\",\"urlTemplate\":\"https:\/\/steuerberatung-libra.de\/?s={search_term_string}\"},\"query-input\":{\"@type\":\"PropertyValueSpecification\",\"valueRequired\":true,\"valueName\":\"search_term_string\"}}],\"inLanguage\":\"de\"}]}<\/script>\n<!-- \/ Yoast SEO plugin. -->","yoast_head_json":{"title":"Kooperationspartner - Libra Steuerberatung","robots":{"index":"index","follow":"follow","max-snippet":"max-snippet:-1","max-image-preview":"max-image-preview:large","max-video-preview":"max-video-preview:-1"},"canonical":"https:\/\/steuerberatung-libra.de\/index.php\/kooperationspartner\/","og_locale":"de_DE","og_type":"article","og_title":"Kooperationspartner - Libra Steuerberatung","og_description":"Unsere Kooperationen und Partner Um Aufgabenstellungen und Fachgebiete, die nicht unmittelbar durch uns abgedeckt werden, k\u00fcmmern wir uns im Rahmen von Kooperationen zusammen mit weiteren regionalen Dienstleistern. Wir kennen aufgrund langj\u00e4hriger Erfahrung den f\u00fcr den Einzelfall am besten geeigneten Partner. Eine Probleml\u00f6sung ist in jedem Fall garantiert. M\u00e4rkische Revision Die M\u00e4rkische Revision GmbH ist eine [&hellip;]","og_url":"https:\/\/steuerberatung-libra.de\/index.php\/kooperationspartner\/","og_site_name":"Libra Steuerberatung","article_modified_time":"2022-08-24T06:34:34+00:00","og_image":[{"url":"https:\/\/libra.upk-baustelle.de\/wp-content\/uploads\/2022\/07\/maerkische-revision.jpeg"}],"twitter_card":"summary_large_image","twitter_misc":{"Gesch\u00e4tzte Lesezeit":"2\u00a0Minuten"},"schema":{"@context":"https:\/\/schema.org","@graph":[{"@type":"WebPage","@id":"https:\/\/steuerberatung-libra.de\/index.php\/kooperationspartner\/","url":"https:\/\/steuerberatung-libra.de\/index.php\/kooperationspartner\/","name":"Kooperationspartner - Libra Steuerberatung","isPartOf":{"@id":"https:\/\/steuerberatung-libra.de\/#website"},"primaryImageOfPage":{"@id":"https:\/\/steuerberatung-libra.de\/index.php\/kooperationspartner\/#primaryimage"},"image":{"@id":"https:\/\/steuerberatung-libra.de\/index.php\/kooperationspartner\/#primaryimage"},"thumbnailUrl":"https:\/\/libra.upk-baustelle.de\/wp-content\/uploads\/2022\/07\/maerkische-revision.jpeg","datePublished":"2022-07-12T08:30:30+00:00","dateModified":"2022-08-24T06:34:34+00:00","breadcrumb":{"@id":"https:\/\/steuerberatung-libra.de\/index.php\/kooperationspartner\/#breadcrumb"},"inLanguage":"de","potentialAction":[{"@type":"ReadAction","target":["https:\/\/steuerberatung-libra.de\/index.php\/kooperationspartner\/"]}]},{"@type":"ImageObject","inLanguage":"de","@id":"https:\/\/steuerberatung-libra.de\/index.php\/kooperationspartner\/#primaryimage","url":"https:\/\/libra.upk-baustelle.de\/wp-content\/uploads\/2022\/07\/maerkische-revision.jpeg","contentUrl":"https:\/\/libra.upk-baustelle.de\/wp-content\/uploads\/2022\/07\/maerkische-revision.jpeg"},{"@type":"BreadcrumbList","@id":"https:\/\/steuerberatung-libra.de\/index.php\/kooperationspartner\/#breadcrumb","itemListElement":[{"@type":"ListItem","position":1,"name":"Startseite","item":"https:\/\/steuerberatung-libra.de\/"},{"@type":"ListItem","position":2,"name":"Kooperationspartner"}]},{"@type":"WebSite","@id":"https:\/\/steuerberatung-libra.de\/#website","url":"https:\/\/steuerberatung-libra.de\/","name":"Libra Steuerberatung","description":"Just another WordPress site","potentialAction":[{"@type":"SearchAction","target":{"@type":"EntryPoint","urlTemplate":"https:\/\/steuerberatung-libra.de\/?s={search_term_string}"},"query-input":{"@type":"PropertyValueSpecification","valueRequired":true,"valueName":"search_term_string"}}],"inLanguage":"de"}]}},"_links":{"self":[{"href":"https:\/\/steuerberatung-libra.de\/index.php\/wp-json\/wp\/v2\/pages\/1456","targetHints":{"allow":["GET"]}}],"collection":[{"href":"https:\/\/steuerberatung-libra.de\/index.php\/wp-json\/wp\/v2\/pages"}],"about":[{"href":"https:\/\/steuerberatung-libra.de\/index.php\/wp-json\/wp\/v2\/types\/page"}],"author":[{"embeddable":true,"href":"https:\/\/steuerberatung-libra.de\/index.php\/wp-json\/wp\/v2\/users\/1"}],"replies":[{"embeddable":true,"href":"https:\/\/steuerberatung-libra.de\/index.php\/wp-json\/wp\/v2\/comments?post=1456"}],"version-history":[{"count":47,"href":"https:\/\/steuerberatung-libra.de\/index.php\/wp-json\/wp\/v2\/pages\/1456\/revisions"}],"predecessor-version":[{"id":2104,"href":"https:\/\/steuerberatung-libra.de\/index.php\/wp-json\/wp\/v2\/pages\/1456\/revisions\/2104"}],"wp:attachment":[{"href":"https:\/\/steuerberatung-libra.de\/index.php\/wp-json\/wp\/v2\/media?parent=1456"}],"curies":[{"name":"wp","href":"https:\/\/api.w.org\/{rel}","templated":true}]}}